0111101?
101000111
In base 15, what is 812 + -5?
80c
In base 14, what is -18b7 + 0?
-18b7
In base 14, what is -a5 + -c?
-b3
In base 7, what is 41 + -6?
32
In base 2, what is 10000 - -1110010001?
1110100001
In base 11, what is 2 + 51?
53
In base 13, what is -49 - -1c?
-2a
In base 6, what is 115 + 524?
1043
In base 14, what is -b2c - -1?
-b2b
In base 16, what is 2c + 1?
2d
In base 2, what is -11010 - 1000101?
-1011111
In base 7, what is 13 - -51?
64
In base 4, what is -2 - 30?
-32
In base 16, what is 11 + -20?
-f
In base 4, what is 1 - -202?
203
In base 2, what is -1110110 + 0?
-1110110
In base 4, what is 11 - -100?
111
In base 3, what is 1100 + 11?
1111
In base 6, what is 2 - 11?
-5
In base 4, what is 10010 + -11?
3333
In base 14, what is 1 - 110a?
-1109
In base 9, what is -4508 + 4?
-4504
In base 10, what is -5 - 141?
-146
In base 9, what is 385 - -6?
402
In base 2, what is 110110 + 1011?
1000001
In base 10, what is -1263 - 4?
-1267
In base 4, what is 3101 - 302?
2133
In base 3, what is 11 + 110012?
110100
In base 16, what is -1 - 7?
-8
In base 6, what is 0 - -113?
113
In base 4, what is 212322 - -2?
212330
In base 15, what is -b1 - 25?
-d6
In base 10, what is 101 + 49?
150
In base 13, what is 0 + -39?
-39
In base 12, what is -9 + b1?
a4
In base 9, what is -5 + -157?
-163
In base 13, what is 16 + a3?
b9
In base 11, what is -56a - 30?
-59a
In base 12, what is 3 + -b7?
-b4
In base 12, what is -2a5 - 1?
-2a6
In base 12, what is -21 - -33?
12
In base 4, what is -2 + -2022?
-2030
In base 7, what is 13 - 26?
-13
In base 3, what is -12221 - -20?
-12201
In base 11, what is 9 - -92?
a0
In base 15, what is 31 - -b?
3c
In base 2, what is -1 + 10110?
10101
In base 15, what is b5 + 1?
b6
In base 7, what is 2 + -105?
-103
In base 3, what is -210021 + -1?
-210022
In base 14, what is -909 + 3?
-906
In base 3, what is 11 - -2120?
2201
In base 7, what is -36 - -10?
-26
In base 13, what is 29 + 5?
31
In base 6, what is 4 - -33?
41
In base 16, what is -1 + 552?
551
In base 9, what is 7 + 1781?
1788
In base 14, what is -ac - -7?
-a5
In base 13, what is 0 + -250?
-250
In base 8, what is -14 - -75?
61
In base 10, what is 64 + 3?
67
In base 12, what is 187 + 23?
1aa
In base 14, what is ba - 4?
b6
In base 3, what is -22 - -11?
-11
In base 13, what is 3 + -89?
-86
In base 2, what is 101 + 100101000?
100101101
In base 5, what is -10 + 1033?
1023
In base 4, what is -33 - 13?
-112
In base 16, what is -e5 + -14?
-f9
In base 15, what is 0 - 14?
-14
In base 16, what is 114d + -3?
114a
In base 2, what is -1 + 100111001000?
100111000111
In base 3, what is 10202121 + -10?
10202111
In base 9, what is -5 + -306?
-312
In base 10, what is -13 + -9?
-22
In base 6, what is -4043 - 3?
-4050
In base 8, what is 251 - 12?
237
In base 2, what is 0 - 1010001?
-1010001
In base 16, what is 5e - 2?
5c
In base 13, what is -154 + -5?
-159
In base 13, what is 24 + -3?
21
In base 5, what is 12 + -131?
-114
In base 2, what is 10 + 11001100?
11001110
In base 3, what is -2 - 1220?
-1222
In base 13, what is 118 + -10?
108
In base 3, what is 122220101 + 2?
122220110
In base 15, what is 7 - 89?
-82
In base 11, what is -5 - 296?
-2a0
In base 12, what is -15b + -3?
-162
In base 2, what is -10011101 - -1010?
-10010011
In base 13, what is -96 - -12?
-84
In base 6, what is 1 + 34?
35
In base 8, what is 4 + 42?
46
In base 3, what is -20 - -12?
-1
In base 12, what is 6 - 91?
-87
In base 9, what is -5 - -55?
50
In base 4, what is 11 - 33123?
-33112
In base 13, what is 2 - 2b2?
-2b0
In base 9, what is -1 + 110?
108
In base 5, what is -142 + 4?
-133
In base 7, what is -2 + -51?
-53
In base 7, what is -33 - -6?
-24
In base 14, what is -ab8 - -13?
-aa5
In base 5, what is 1102 + 1?
1103
In base 8, what is -21 - -10?
-11
In base 4, what is 10231 + 11?
10302
In base 2, what is -10011011 - -10?
-10011001
In base 16, what is 6d - 19?
54
In base 4, what is 30300 + -103?
30131
In base 2, what is 11011 - 100101?
-1010
In base 5, what is -322 + 13?
-304
In base 15, what is -1a83 - 5?
-1a88
In base 10, what is 30 + 5?
35
In base 13, what is 5 + -22?
-1a
In base 6, what is -32510 + -1?
-32511
In base 5, what is 11022 - -1?
11023
In base 7, what is 1402 + 2?
1404
In base 15, what is -e95 + 3?
-e92
In base 4, what is 32003 - -202?
32211
In base 11, what is -5 + 78?
73
In base 3, what is 20112112 + -12?
20112100
In base 15, what is -27d + -3?
-281
In base 16, what is 1 - ea?
-e9
In base 15, what is -3a - 7?
-42
In base 14, what is 9 + 10a?
115
In base 13, what is 3 - 352?
-34c
In base 10, what is 12 - -81?
93
In base 8, what is -12 - -541?
527
In base 3, what is -12 + -122120?
-122202
In base 5, what is -4112 - 4?
-4121
In base 4, what is -212113 + 10?
-212103
In base 8, what is -4 - 355?
-361
In base 8, what is 1 + -2244?
-2243
In base 2, what is -11 + -101110?
-110001
In base 4, what is 103130 - -20?
103210
In base 8, what is -130 + 13?
-115
In base 4, what is -11131 - 3?
-11200
In base 6, what is -4540 - 5?
-4545
In base 6, what is -3251 + -1?
-3252
In base 2, what is -10100110 + -10?
-10101000
In base 7, what is 5 - -1631?
1636
In base 5, what is -1230 - 1?
-1231
In base 13, what is 400 + 0?
400
In base 11, what is 2 - -152?
154
In base 14, what is 3a - 1?
39
In base 7, what is 2 - 450?
-445
In base 11, what is 405a - 5?
4055
In base 12, what is 22 + -10?
12
In base 9, what is 2 + -4452?
-4450
In base 14, what is 5 + -135?
-130
In base 15, what is -239 + 3?
-236
In base 8, what is 13 - -2?
15
In base 9, what is 3 + -1170?
-1166
In base 11, what is -3 + -177?
-17a
In base 8, what is 15 - 0?
15
In base 15, what is -31 - -5?
-2b
In base 15, what is 3 - 45?
-42
In base 3, what is -2 - 112?
-121
In base 6, what is -100 + 1231?
1131
In base 6, what is -5 + 5425?
5420
In base 5, what is -11 + 30110?
30044
In base 12, what is -5 + -429?
-432
In base 12, what is -81 + b?
-72
In base 10, what is 1667 + -3?
1664
In base 14, what is 1 - -2a3?
2a4
In base 2, what is 10101110001 - -1010?
10101111011
In base 12, what is 12a + 1?
12b
In base 11, what is 5 + -323a?
-3235
In base 2, what is -111 - -1101100100?
1101011101
In base 16, what is -1 - -1a9?
1a8
In base 4, what is -2301 - -101?
-2200
In base 9, what is 326 + 5?
332
In base 3, what is -122211 + -2?
-122220
In base 12, what is a6 - 1?
a5
In base 3, what is -100 - -102?
2
In base 14, what is -5 - 362?
-367
In base 16, what is 2e8 - 9?
2df
In base 4, what is -2 + -2?
-10
In base 16, what is -f - -48?
39
In base 13, what is -2 + 1c?
1a
In base 6, what is 10 - 5?
1
In base 9, what is 12 + 124?
136
In base 9, what is -2 - -217?
215
In base 5, what is 2322 - 141?
2131
In base 8, what is -11 + -153?
-164
In base 13, what is 51 + -4?
4a
In base 2, what is -1 - -100001?
100000
In base 14, what is 21 + -4?
1b
In base 4, what is 1 - 1113?
-1112
In base 13, what is -4 - -c9b?
c97
In base 13, what is -2b + -52?
-80
In base 14, what is -671 - -5?
-66a
In base 12, what is -839 + -3?
-840
In base 8, what is -1703 + -6?
-1711
In base 7, what is 5 - -15?
23
In base 2, what is -101 - 10100111000?
-10100111101
In base 4, what is 3 - 11222?
-11213
In base 8, what is 40430 - 4?
40424
In base 10, what is -4455 - -2?
-4453
In base 12, what is -610 - -2?
-60a
In base 3, what is 11200 - 11?
11112
In base 14, what is 2 - 33?
-31
In base 2, what is 1000011101 + 101?
1000100010
In base 4, what is -2 + -31313?
-31321
In base 7, what is -335 - 12?
-350
In base 6, what is -10 + 1?
-5
In base 8, what is -3060 + 3?
-3055
In base 16, what is -11d + -8?
-125
In base 14, what is c + -1?
b
In base 13, what is -6 + -108?
-111
In base 3, what is 1011 - 12?
222
In base 14, what is 0 - -c?
c
In base 9, what is 57 - -6?
64
In base 8, what is 152 - 33?
117
In base 3, what is -10 - 2002?
-2012
In base 7, what is -2 + -43?
-45
In base 11, what is -957 - -7?
-950
In base 3, what is -101100 - 0?
-101100
In base 16, what is 134 - c?
128
In base 8, what is -2 - -35?
33
In base 12, what is 4 - 341b?
-3417
In base 11, what is -11 + -a6?
-107
In base 10, what is -457 + -11?
-468
In base 15, what is 3 - -289?
28c
In base 10, what is 10 + 4?
14
In base 5, what is -1141 - 4?
-1200
In base 11, what is -187a - 1?
-1880
In base 4, what is 0 + -130211?
-130211
In base 2, what is -1011101111010 + 101?
-1011101110101
In base 13, what is 16